{"id":13966,"date":"2024-02-04T16:53:48","date_gmt":"2024-02-04T15:53:48","guid":{"rendered":"https:\/\/lovechamois.it\/offerta\/telepherique-buisson-chamois\/"},"modified":"2024-09-14T11:12:22","modified_gmt":"2024-09-14T09:12:22","slug":"telepherique-buisson-chamois","status":"publish","type":"offerta","link":"https:\/\/lovechamois.it\/fr\/offerta\/telepherique-buisson-chamois\/","title":{"rendered":"Le t\u00e9l\u00e9ph\u00e9rique Buisson-Chamois"},"content":{"rendered":"<p>Le t\u00e9l\u00e9ph\u00e9rique r\u00e9gional Buisson-Chamois est ouvert toute l&#8217;ann\u00e9e (\u00e0 l&#8217;exception de courtes p\u00e9riodes de maintenance) de 7 h \u00e0\u00a0 22h30, avec des d\u00e9parts toutes les 30 minutes ou 15 minutes en cas de fortes pr\u00e9sences. M\u00eame si dans le lointain 1955 le sujet de la durabilit\u00e9 environnementale n&#8217;\u00e9tait pas d&#8217;actualit\u00e9, le pays de <a href=\"http:\/\/www.lovevda.it\/it\/banca-dati\/5\/impianti-di-risalita\/antey-saint-andre\/funivia-buisson-chamois\/3982\">Chamois<\/a> ne c\u00e9da pas aux flatteries du r\u00e9seau routier et choisit le t\u00e9l\u00e9ph\u00e9rique comme moyen pour relier le village au fond de la vall\u00e9e. Le t\u00e9l\u00e9ph\u00e9rique \u00e9tait rapide et direct, et \u00e9pargna la construction de routes et donc les \u00e9missions polluantes de gaz et bruits.<\/p>\n<div class=\"entry-content\">\n<div class=\"elementor elementor-86 elementor-bc-flex-widget\" data-elementor-type=\"wp-post\" data-elementor-id=\"86\" data-elementor-settings=\"[]\">\n<div class=\"elementor-inner\">\n<div class=\"elementor-section-wrap\">\n<section class=\"elementor-section elementor-top-section elementor-element elementor-element-7e00aa4 elementor-section-boxed elementor-section-height-default elementor-section-height-default\" data-id=\"7e00aa4\" data-element_type=\"section\">\n<div class=\"elementor-container elementor-column-gap-default\">\n<div class=\"elementor-row\">\n<div class=\"elementor-column elementor-col-100 elementor-top-column elementor-element elementor-element-3cdf706\" data-id=\"3cdf706\" data-element_type=\"column\">\n<div class=\"elementor-column-wrap elementor-element-populated\">\n<div class=\"elementor-widget-wrap\">\n<div class=\"elementor-element elementor-element-59af612 elementor-widget elementor-widget-text-editor\" data-id=\"59af612\" data-element_type=\"widget\" data-widget_type=\"text-editor.default\">\n<div class=\"elementor-widget-container\">\n<div class=\"elementor-text-editor elementor-clearfix\">Bien que d\u00e9ja les descriptions des voyageurs de d\u00e9but XX\u00e8me si\u00e8cle rep\u00e9r\u00e8rent dans la r\u00e9alisation d&#8217;une route carrossable un facteur de succ\u00e8s pour le futur du &#8220;splendide domaine climatique&#8221;, comme rapporta Sylvain Lucat en 1908, la peuplade de Chamois ne choisit pas cette solution qui aurait in\u00e9vitablement modifi\u00e9 le paysage environnant. La pr\u00e9sence du t\u00e9l\u00e9ph\u00e9rique caract\u00e9risera les choix d&#8217;urbanisme du lieu: immu\u00e9es sont rest\u00e9es les petites routes en pav\u00e9 qui parcourent le village entre les maisons restructur\u00e9es, conservant ainsi le charme du territoire. Depuis, le t\u00e9l\u00e9ph\u00e9rique a \u00e9t\u00e9 modernis\u00e9 pour le rendre plus sur et comfortable.\u00a0 D\u00e8s 2001 au t\u00e9l\u00e9ph\u00e9rique s&#8217;accompagne un funiculaire d\u00e9di\u00e9 au transport de marchandises et d&#8217;objets encombrants et lourds.<\/div>\n<\/div>\n<\/div>\n<\/div>\n<\/div>\n<\/div>\n<\/div>\n<\/div>\n<\/section>\n<\/div>\n<\/div>\n<\/div>\n<\/div>\n<p>Lass\u00e9s des files d&#8217;attente en voiture, du trafic et des parkings? Abandonnez v\u00f4tre auto \u00e0 Buisson, dans la comune d&#8217;Antey-Saint-Andr\u00e9, et remontez \u00e0 Chamois! \u00c0 1815 m\u00e8tres d&#8217;altitude, accessible uniquement\u00a0<b>\u00e0 pieds, en v\u00e9lo ou par t\u00e9l\u00e9ph\u00e9rique<\/b>, <a href=\"http:\/\/www.lovevda.it\/it\/banca-dati\/3\/localita\/valle-d-aosta\/chamois\/375\" target=\"_blank\" rel=\"noopener noreferrer\"><b>Chamois<\/b><\/a>\u00a0est l&#8217;endroit pour vous, o\u00f9 l&#8217;air p\u00e9tillante et fra\u00eeche qui d\u00e9scend\u00a0de la <b>vall\u00e9e du Cervin<\/b>\u00a0vous fera oublier la chaleur et le stress des villes. <a href=\"https:\/\/www.chamoisservizi.it\/index.php\/fr\/la-funiculaire\">POUR PLUS D&#8217;INFO<\/a><\/p>\n<ul id=\"js-279d\" class=\"uk-switcher\">\n<li class=\"el-item uk-margin-remove-first-child uk-active\">\n<div class=\"el-content uk-panel uk-margin-top\">\n<table id=\"tablepress-26\" class=\"tablepress tablepress-id-26\">\n<thead>\n<tr class=\"row-1 odd\">\n<th class=\"column-1\">Ticket<\/th>\n<th class=\"column-2\">Type de support<\/th>\n<th class=\"column-3\">Validit\u00e9 \u00e0 partir de l&#8217;achat<\/th>\n<th class=\"column-4\">Prix<\/th>\n<\/tr>\n<\/thead>\n<tbody>\n<tr class=\"row-2 even\">\n<td class=\"column-1\"><strong>Sens unique*<\/strong><\/td>\n<td class=\"column-2\"><strong>Barcode<\/strong><\/td>\n<td class=\"column-3\"><strong>deux mois<\/strong><\/td>\n<td class=\"column-4\"><strong>3,50<\/strong><\/td>\n<\/tr>\n<tr class=\"row-3 odd\">\n<td class=\"column-1\"><strong>All\u00e9e et retour*<\/strong><\/td>\n<td class=\"column-2\"><strong>Barcode<\/strong><\/td>\n<td class=\"column-3\"><strong>deux mois<\/strong><\/td>\n<td class=\"column-4\"><strong>5,50<\/strong><\/td>\n<\/tr>\n<tr class=\"row-4 even\">\n<td class=\"column-1\">10 passages annuel<\/td>\n<td class=\"column-2\">Keycard**<\/td>\n<td class=\"column-3\">1 an<\/td>\n<td class=\"column-4\">17,00<\/td>\n<\/tr>\n<tr class=\"row-5 odd\">\n<td class=\"column-1\">20 passages annuel<\/td>\n<td class=\"column-2\">Keycard**<\/td>\n<td class=\"column-3\">1 an<\/td>\n<td class=\"column-4\">27,50<\/td>\n<\/tr>\n<tr class=\"row-6 even\">\n<td class=\"column-1\">50 passages annuel<\/td>\n<td class=\"column-2\">Keycard**<\/td>\n<td class=\"column-3\">1 an<\/td>\n<td class=\"column-4\">45,00<\/td>\n<\/tr>\n<tr class=\"row-7 odd\">\n<td class=\"column-1\">100 passages annuel<\/td>\n<td class=\"column-2\">Keycard**<\/td>\n<td class=\"column-3\">1 an<\/td>\n<td class=\"column-4\">77,00<\/td>\n<\/tr>\n<tr class=\"row-8 even\">\n<td class=\"column-1\">300 passages annuel<\/td>\n<td class=\"column-2\">Keycard**<\/td>\n<td class=\"column-3\">1 an<\/td>\n<td class=\"column-4\">120,00<\/td>\n<\/tr>\n<tr class=\"row-9 odd\">\n<td class=\"column-1\">Groupes de 20+ personnes A\/R<\/td>\n<td class=\"column-2\">Barcode<\/td>\n<td class=\"column-3\">1 A\/R<\/td>\n<td class=\"column-4\">3,50<\/td>\n<\/tr>\n<tr class=\"row-10 even\">\n<td class=\"column-1\">Groupes de 20+ personnes Sens unique<\/td>\n<td class=\"column-2\">Barcode<\/td>\n<td class=\"column-3\">1 passage<\/td>\n<td class=\"column-4\">2,20<\/td>\n<\/tr>\n<tr class=\"row-11 odd\">\n<td class=\"column-1\">Passage extraordinaire nocturne<\/td>\n<td class=\"column-2\">Facture<\/td>\n<td class=\"column-3\">Un passage ou plus<\/td>\n<td class=\"column-4\">165,00<\/td>\n<\/tr>\n<tr class=\"row-12 even\">\n<td class=\"column-1\">Merchandises (prix pour chaque bagage\/colis suppl\u00e9mantaire)<\/td>\n<td class=\"column-2\">Barcode ou Keycard**<\/td>\n<td class=\"column-3\">1 passage<\/td>\n<td class=\"column-4\">1,00<\/td>\n<\/tr>\n<tr class=\"row-13 odd\">\n<td class=\"column-1\">Merchandises abonnement x20<\/td>\n<td class=\"column-2\">Keycard**<\/td>\n<td class=\"column-3\">1 an<\/td>\n<td class=\"column-4\">10,00<\/td>\n<\/tr>\n<tr class=\"row-14 even\">\n<td class=\"column-1\">V\u00e9los, parapentes<\/td>\n<td class=\"column-2\">Barcode<\/td>\n<td class=\"column-3\">1 passage<\/td>\n<td class=\"column-4\">1,00<\/td>\n<\/tr>\n<tr class=\"row-15 odd\">\n<td class=\"column-1\">Sens unique en juillet, ao\u00fbt et premi\u00e8re semaine de septembre<\/td>\n<td class=\"column-2\">Barcode<\/td>\n<td class=\"column-3\">deux mois<\/td>\n<td class=\"column-4\">4,50<\/td>\n<\/tr>\n<tr class=\"row-16 even\">\n<td class=\"column-1\">All\u00e9e et retour en juillet, ao\u00fbt et premi\u00e8re semaine de septembre<\/td>\n<td class=\"column-2\">Barcode<\/td>\n<td class=\"column-3\">deux mois<\/td>\n<td class=\"column-4\">7,00<\/td>\n<\/tr>\n<\/tbody>\n<\/table>\n<p>ANIMAUX selon le ticket achet\u00e9 par le propri\u00e9taire<\/p>\n<hr \/>\n<p>* juillet, ao\u00fbt, et premi\u00e8re semaine de septembre exclus. ** la Keycard (carte rigide personnelle) co\u00fbte 2 euros. Pour plus d&#8217;info veuillez consulter le site de Chamois Servizi: <a href=\"https:\/\/www.chamoisservizi.it\/index.php\/fr\/la-funiculaire\">https:\/\/www.chamoisservizi.it\/index.php\/fr\/la-funiculaire<\/a><\/div>\n<\/li>\n<\/ul>\n","protected":false},"excerpt":{"rendered":"<p>Le t\u00e9l\u00e9ph\u00e9rique r\u00e9gional Buisson-Chamois est ouvert toute l&#8217;ann\u00e9e (\u00e0 l&#8217;exception de courtes p\u00e9riodes de maintenance) de 7 h \u00e0\u00a0 22h30, avec des d\u00e9parts toutes les 30 minutes ou 15 minutes en cas de fortes pr\u00e9sences. M\u00eame si dans le lointain 1955 le sujet de la durabilit\u00e9 environnementale n&#8217;\u00e9tait pas d&#8217;actualit\u00e9, le pays de Chamois ne [&hellip;]<\/p>\n","protected":false},"template":"","class_list":["post-13966","offerta","type-offerta","status-publish","hentry"],"_links":{"self":[{"href":"https:\/\/lovechamois.it\/fr\/wp-json\/wp\/v2\/offerta\/13966"}],"collection":[{"href":"https:\/\/lovechamois.it\/fr\/wp-json\/wp\/v2\/offerta"}],"about":[{"href":"https:\/\/lovechamois.it\/fr\/wp-json\/wp\/v2\/types\/offerta"}],"wp:attachment":[{"href":"https:\/\/lovechamois.it\/fr\/wp-json\/wp\/v2\/media?parent=13966"}],"curies":[{"name":"wp","href":"https:\/\/api.w.org\/{rel}","templated":true}]}}

Le téléphérique Buisson-Chamois

<p>Le téléphérique régional Buisson-Chamois est ouvert toute l&#8217;année (à l&#8217;exception de courtes périodes de maintenance) de 7 h à  22h30, avec des départs toutes les 30 minutes ou 15 minutes en cas de fortes présences. Même si dans le lointain 1955 le sujet de la durabilité environnementale n&#8217;était pas d&#8217;actualité, le pays de <a href="http://www.lovevda.it/it/banca-dati/5/impianti-di-risalita/antey-saint-andre/funivia-buisson-chamois/3982">Chamois</a> ne céda pas aux flatteries du réseau routier et choisit le téléphérique comme moyen pour relier le village au fond de la vallée. Le téléphérique était rapide et direct, et épargna la construction de routes et donc les émissions polluantes de gaz et bruits.</p>
<div class="entry-content">
<div class="elementor elementor-86 elementor-bc-flex-widget" data-elementor-type="wp-post" data-elementor-id="86" data-elementor-settings="[]">
<div class="elementor-inner">
<div class="elementor-section-wrap">
<section class="elementor-section elementor-top-section elementor-element elementor-element-7e00aa4 elementor-section-boxed elementor-section-height-default elementor-section-height-default" data-id="7e00aa4" data-element_type="section">
<div class="elementor-container elementor-column-gap-default">
<div class="elementor-row">
<div class="elementor-column elementor-col-100 elementor-top-column elementor-element elementor-element-3cdf706" data-id="3cdf706" data-element_type="column">
<div class="elementor-column-wrap elementor-element-populated">
<div class="elementor-widget-wrap">
<div class="elementor-element elementor-element-59af612 elementor-widget elementor-widget-text-editor" data-id="59af612" data-element_type="widget" data-widget_type="text-editor.default">
<div class="elementor-widget-container">
<div class="elementor-text-editor elementor-clearfix">Bien que déja les descriptions des voyageurs de début XXème siècle repérèrent dans la réalisation d&#8217;une route carrossable un facteur de succès pour le futur du &#8220;splendide domaine climatique&#8221;, comme rapporta Sylvain Lucat en 1908, la peuplade de Chamois ne choisit pas cette solution qui aurait inévitablement modifié le paysage environnant. La présence du téléphérique caractérisera les choix d&#8217;urbanisme du lieu: immuées sont restées les petites routes en pavé qui parcourent le village entre les maisons restructurées, conservant ainsi le charme du territoire. Depuis, le téléphérique a été modernisé pour le rendre plus sur et comfortable.  Dès 2001 au téléphérique s&#8217;accompagne un funiculaire dédié au transport de marchandises et d&#8217;objets encombrants et lourds.</div>
</div>
</div>
</div>
</div>
</div>
</div>
</div>
</section>
</div>
</div>
</div>
</div>
<p>Lassés des files d&#8217;attente en voiture, du trafic et des parkings? Abandonnez vôtre auto à Buisson, dans la comune d&#8217;Antey-Saint-André, et remontez à Chamois! À 1815 mètres d&#8217;altitude, accessible uniquement <b>à pieds, en vélo ou par téléphérique</b>, <a href="http://www.lovevda.it/it/banca-dati/3/localita/valle-d-aosta/chamois/375" target="_blank" rel="noopener noreferrer"><b>Chamois</b></a> est l&#8217;endroit pour vous, où l&#8217;air pétillante et fraîche qui déscend de la <b>vallée du Cervin</b> vous fera oublier la chaleur et le stress des villes. <a href="https://www.chamoisservizi.it/index.php/fr/la-funiculaire">POUR PLUS D&#8217;INFO</a></p>
<ul id="js-279d" class="uk-switcher">
<li class="el-item uk-margin-remove-first-child uk-active">
<div class="el-content uk-panel uk-margin-top">
<table id="tablepress-26" class="tablepress tablepress-id-26">
<thead>
<tr class="row-1 odd">
<th class="column-1">Ticket</th>
<th class="column-2">Type de support</th>
<th class="column-3">Validité à partir de l&#8217;achat</th>
<th class="column-4">Prix</th>
</tr>
</thead>
<tbody>
<tr class="row-2 even">
<td class="column-1"><strong>Sens unique*</strong></td>
<td class="column-2"><strong>Barcode</strong></td>
<td class="column-3"><strong>deux mois</strong></td>
<td class="column-4"><strong>3,50</strong></td>
</tr>
<tr class="row-3 odd">
<td class="column-1"><strong>Allée et retour*</strong></td>
<td class="column-2"><strong>Barcode</strong></td>
<td class="column-3"><strong>deux mois</strong></td>
<td class="column-4"><strong>5,50</strong></td>
</tr>
<tr class="row-4 even">
<td class="column-1">10 passages annuel</td>
<td class="column-2">Keycard**</td>
<td class="column-3">1 an</td>
<td class="column-4">17,00</td>
</tr>
<tr class="row-5 odd">
<td class="column-1">20 passages annuel</td>
<td class="column-2">Keycard**</td>
<td class="column-3">1 an</td>
<td class="column-4">27,50</td>
</tr>
<tr class="row-6 even">
<td class="column-1">50 passages annuel</td>
<td class="column-2">Keycard**</td>
<td class="column-3">1 an</td>
<td class="column-4">45,00</td>
</tr>
<tr class="row-7 odd">
<td class="column-1">100 passages annuel</td>
<td class="column-2">Keycard**</td>
<td class="column-3">1 an</td>
<td class="column-4">77,00</td>
</tr>
<tr class="row-8 even">
<td class="column-1">300 passages annuel</td>
<td class="column-2">Keycard**</td>
<td class="column-3">1 an</td>
<td class="column-4">120,00</td>
</tr>
<tr class="row-9 odd">
<td class="column-1">Groupes de 20+ personnes A/R</td>
<td class="column-2">Barcode</td>
<td class="column-3">1 A/R</td>
<td class="column-4">3,50</td>
</tr>
<tr class="row-10 even">
<td class="column-1">Groupes de 20+ personnes Sens unique</td>
<td class="column-2">Barcode</td>
<td class="column-3">1 passage</td>
<td class="column-4">2,20</td>
</tr>
<tr class="row-11 odd">
<td class="column-1">Passage extraordinaire nocturne</td>
<td class="column-2">Facture</td>
<td class="column-3">Un passage ou plus</td>
<td class="column-4">165,00</td>
</tr>
<tr class="row-12 even">
<td class="column-1">Merchandises (prix pour chaque bagage/colis supplémantaire)</td>
<td class="column-2">Barcode ou Keycard**</td>
<td class="column-3">1 passage</td>
<td class="column-4">1,00</td>
</tr>
<tr class="row-13 odd">
<td class="column-1">Merchandises abonnement x20</td>
<td class="column-2">Keycard**</td>
<td class="column-3">1 an</td>
<td class="column-4">10,00</td>
</tr>
<tr class="row-14 even">
<td class="column-1">Vélos, parapentes</td>
<td class="column-2">Barcode</td>
<td class="column-3">1 passage</td>
<td class="column-4">1,00</td>
</tr>
<tr class="row-15 odd">
<td class="column-1">Sens unique en juillet, août et première semaine de septembre</td>
<td class="column-2">Barcode</td>
<td class="column-3">deux mois</td>
<td class="column-4">4,50</td>
</tr>
<tr class="row-16 even">
<td class="column-1">Allée et retour en juillet, août et première semaine de septembre</td>
<td class="column-2">Barcode</td>
<td class="column-3">deux mois</td>
<td class="column-4">7,00</td>
</tr>
</tbody>
</table>
<p>ANIMAUX selon le ticket acheté par le propriétaire</p>
<hr />
<p>* juillet, août, et première semaine de septembre exclus. ** la Keycard (carte rigide personnelle) coûte 2 euros. Pour plus d&#8217;info veuillez consulter le site de Chamois Servizi: <a href="https://www.chamoisservizi.it/index.php/fr/la-funiculaire">https://www.chamoisservizi.it/index.php/fr/la-funiculaire</a></div>
</li>
</ul>

<p>Le téléphérique régional Buisson-Chamois est ouvert toute l&#8217;année (à l&#8217;exception de courtes périodes de maintenance) de 7 h à  22h30, avec des départs toutes les 30 minutes ou 15 minutes en cas de fortes présences. Même si dans le lointain 1955 le sujet de la durabilité environnementale n&#8217;était pas d&#8217;actualité, le pays de Chamois ne [&hellip;]</p>
