{"id":7566,"date":"2020-08-28T14:54:52","date_gmt":"2020-08-28T12:54:52","guid":{"rendered":"http:\/\/lovechamois.hextra.cloud\/motivo\/moulin-de-corgnolaz\/"},"modified":"2025-02-02T12:08:47","modified_gmt":"2025-02-02T11:08:47","slug":"moulin-de-corgnolaz","status":"publish","type":"motivo","link":"https:\/\/lovechamois.it\/fr\/motivo\/moulin-de-corgnolaz\/","title":{"rendered":"Les moulins, les fours, le pain"},"content":{"rendered":"<p>L\u2019eau, depuis l\u2019aube de l\u2019humanit\u00e9, rev\u00eat intrins\u00e8quement une valeur inestimable en tant que liant pour les innombrables communaut\u00e9s qui ont vu le jour autour d\u2019elle. Chamois s&#8217;\u00e9l\u00e8ve sur un plateau riche de cet \u00e9l\u00e9ment vital (le territoire compte 24 sources), drain\u00e9 par les ruisseaux du Chamois et du Saverou, affluents \u00e0 gauche de la <a href=\"https:\/\/fr.wikipedia.org\/wiki\/Marmore\">Marmore<\/a>. Les premiers habitants s&#8217;en aper\u00e7urent bien et commenc\u00e8rent \u00e0 d\u00e9fricher et peupler la zone avec l&#8217;expansion d\u00e9mographique progressive qui suivit l&#8217;an Mille. Ils purent ainsi profiter d&#8217;un territoire bien expos\u00e9 au sud et au sud-ouest qui, malgr\u00e9 l&#8217;altitude (environ 1800 m\u00e8tres d&#8217;altitude) et gr\u00e2ce au travail et au talent des agriculteurs, se pr\u00eatait \u00e0 la culture de <a href=\"https:\/\/fr.wikipedia.org\/wiki\/Seigle\">seigle<\/a>, <a href=\"https:\/\/fr.wikipedia.org\/wiki\/Bl%C3%A9\">bl\u00e9<\/a>, <a href=\"https:\/\/fr.wikipedia.org\/wiki\/Orge_commune\">orge<\/a> et <a href=\"https:\/\/fr.wikipedia.org\/wiki\/Avoine_cultiv%C3%A9e\">avoine<\/a>.<\/p>\n<p style=\"padding-left: 40px;\">D&#8217;apr\u00e8s les paroles de Mgr Della Chiesa, \u00e9v\u00eaque de Saluzzo, dans le manuscrit <em>Relation de l&#8217;\u00e9tat actuel du Pi\u00e9mont<\/em> de 1635: \u00ab<em>Ceux de la Vall\u00e9e d&#8217;Osta sont extr\u00eamement ing\u00e9nieux pour produire les fruits de la terre<\/em>\u00bb, \u00e9tonn\u00e9 de constater que \u00ab<em>les grains ont \u00e9t\u00e9 sem\u00e9s, qu&#8217;on dirait qu&#8217;ils sont n\u00e9s sur des pierres<\/em>\u00bb.<\/p>\n<p>Sur les rives du ruisseau du Chamois, furent alors \u00e9rig\u00e9s les moulins \u00e0 eau n\u00e9cessaires \u00e0 la transformation de la production c\u00e9r\u00e9ali\u00e8re, ce qui favorisa certainement le d\u00e9veloppement des hameaux qui le flanquaient. Si peu de ruines des moulins de La Ville et de Cr\u00e9pin subsistent aujourd&#8217;hui, celui de Corgnolaz, en d\u00e9su\u00e9tude depuis les ann\u00e9es 1960, a fait l&#8217;objet d&#8217;une restauration.<\/p>\n<p style=\"text-align: center;\"><img decoding=\"async\" class=\"aligncenter\" src=\"https:\/\/gian.mario.navillod.it\/wp-content\/uploads\/2014\/12\/macina-mulino-chamois2296.jpg\" alt=\"Macina del mulino di Corgnolaz\" \/> Meule du moulin de Corgnolaz &#8211; photo de Gian Mario Navillod<\/p>\n<p style=\"text-align: center;\"><a href=\"https:\/\/gian.mario.navillod.it\/macina-mulino-chamois\/\">Comment les meules arrivaient-elles jusqu&#8217;aux moulins de Chamois avant la construction du t\u00e9l\u00e9ph\u00e9rique ?<\/a><\/p>\n<p>La fabrication du pain a \u00e9galement particip\u00e9 au processus d&#8217;agr\u00e9gation de la population, qui commence naturellement \u00e0 partir de la mouture des c\u00e9r\u00e9ales fondamentales pour la subsistance des communaut\u00e9s. Il existe actuellement trois fours collectifs dans les hameaux de Suisse, La Ville et Corgnolaz. Pr\u00e9cis\u00e9ment dans ce dernier hameau, la r\u00e9habilitation de l&#8217;ancien four permet la production, lors d&#8217;\u00e9v\u00e9nements festifs, du pain noir traditionnel : la farine de seigle, c\u00e9r\u00e9ale dominante dans les cultures de montagne en raison de sa r\u00e9sistance au froid et \u00e0 l&#8217;aridit\u00e9, est l&#8217;ingr\u00e9dient ma\u00eetre qui donne ce pain a sa couleur fonc\u00e9e et sa saveur rustique, ainsi que des proportions variables d&#8217;avoine et de bl\u00e9 entier.<\/p>\n<p>L&#8217;\u00e9dition 2023 du<a href=\"https:\/\/lopanner.com\/vda\/\"> Festival Transfrontalier <strong>&#8220;Lo Pan Ner<\/strong>&#8221; &#8211; I Pani delle Alpi<\/a>, gr\u00e2ce au travail de Lauro et Simone, a d\u00e9cern\u00e9 au four de Corgnolaz le <strong>premier prix<\/strong> pour son meilleur pain cr\u00e9atif et la <strong>troisi\u00e8me place<\/strong> pour le pain avec au moins 30 % seigle et levain.<\/p>\n<p>L&#8217;\u00e9dition 2024, encore plus passionnante, d\u00e9cerne le <strong>premier prix<\/strong> au four de Suisse et le <strong>troisi\u00e8me prix<\/strong> au four de Corgnolaz pour le meilleur pain noir \u00e0 30% de seigle et levure comprim\u00e9e, et la <strong>deuxi\u00e8me place<\/strong> au four de Corgnolaz pour le meilleur pain cr\u00e9atif.<\/p>\n","protected":false},"excerpt":{"rendered":"<p>La route du pain de montagne, des c\u00e9r\u00e9ales \u00e0 la table<\/p>\n","protected":false},"featured_media":0,"template":"","class_list":["post-7566","motivo","type-motivo","status-publish","hentry"],"_links":{"self":[{"href":"https:\/\/lovechamois.it\/fr\/wp-json\/wp\/v2\/motivo\/7566"}],"collection":[{"href":"https:\/\/lovechamois.it\/fr\/wp-json\/wp\/v2\/motivo"}],"about":[{"href":"https:\/\/lovechamois.it\/fr\/wp-json\/wp\/v2\/types\/motivo"}],"wp:attachment":[{"href":"https:\/\/lovechamois.it\/fr\/wp-json\/wp\/v2\/media?parent=7566"}],"curies":[{"name":"wp","href":"https:\/\/api.w.org\/{rel}","templated":true}]}}

<p>L’eau, depuis l’aube de l’humanité, revêt intrinsèquement une valeur inestimable en tant que liant pour les innombrables communautés qui ont vu le jour autour d’elle. Chamois s&#8217;élève sur un plateau riche de cet élément vital (le territoire compte 24 sources), drainé par les ruisseaux du Chamois et du Saverou, affluents à gauche de la <a href="https://fr.wikipedia.org/wiki/Marmore">Marmore</a>. Les premiers habitants s&#8217;en aperçurent bien et commencèrent à défricher et peupler la zone avec l&#8217;expansion démographique progressive qui suivit l&#8217;an Mille. Ils purent ainsi profiter d&#8217;un territoire bien exposé au sud et au sud-ouest qui, malgré l&#8217;altitude (environ 1800 mètres d&#8217;altitude) et grâce au travail et au talent des agriculteurs, se prêtait à la culture de <a href="https://fr.wikipedia.org/wiki/Seigle">seigle</a>, <a href="https://fr.wikipedia.org/wiki/Bl%C3%A9">blé</a>, <a href="https://fr.wikipedia.org/wiki/Orge_commune">orge</a> et <a href="https://fr.wikipedia.org/wiki/Avoine_cultiv%C3%A9e">avoine</a>.</p>
<p style="padding-left: 40px;">D&#8217;après les paroles de Mgr Della Chiesa, évêque de Saluzzo, dans le manuscrit <em>Relation de l&#8217;état actuel du Piémont</em> de 1635: «<em>Ceux de la Vallée d&#8217;Osta sont extrêmement ingénieux pour produire les fruits de la terre</em>», étonné de constater que «<em>les grains ont été semés, qu&#8217;on dirait qu&#8217;ils sont nés sur des pierres</em>».</p>
<p>Sur les rives du ruisseau du Chamois, furent alors érigés les moulins à eau nécessaires à la transformation de la production céréalière, ce qui favorisa certainement le développement des hameaux qui le flanquaient. Si peu de ruines des moulins de La Ville et de Crépin subsistent aujourd&#8217;hui, celui de Corgnolaz, en désuétude depuis les années 1960, a fait l&#8217;objet d&#8217;une restauration.</p>
<p style="text-align: center;"><img decoding="async" class="aligncenter" src="https://gian.mario.navillod.it/wp-content/uploads/2014/12/macina-mulino-chamois2296.jpg" alt="Macina del mulino di Corgnolaz" /> Meule du moulin de Corgnolaz &#8211; photo de Gian Mario Navillod</p>
<p style="text-align: center;"><a href="https://gian.mario.navillod.it/macina-mulino-chamois/">Comment les meules arrivaient-elles jusqu&#8217;aux moulins de Chamois avant la construction du téléphérique ?</a></p>
<p>La fabrication du pain a également participé au processus d&#8217;agrégation de la population, qui commence naturellement à partir de la mouture des céréales fondamentales pour la subsistance des communautés. Il existe actuellement trois fours collectifs dans les hameaux de Suisse, La Ville et Corgnolaz. Précisément dans ce dernier hameau, la réhabilitation de l&#8217;ancien four permet la production, lors d&#8217;événements festifs, du pain noir traditionnel : la farine de seigle, céréale dominante dans les cultures de montagne en raison de sa résistance au froid et à l&#8217;aridité, est l&#8217;ingrédient maître qui donne ce pain a sa couleur foncée et sa saveur rustique, ainsi que des proportions variables d&#8217;avoine et de blé entier.</p>
<p>L&#8217;édition 2023 du<a href="https://lopanner.com/vda/"> Festival Transfrontalier <strong>&#8220;Lo Pan Ner</strong>&#8221; &#8211; I Pani delle Alpi</a>, grâce au travail de Lauro et Simone, a décerné au four de Corgnolaz le <strong>premier prix</strong> pour son meilleur pain créatif et la <strong>troisième place</strong> pour le pain avec au moins 30 % seigle et levain.</p>
<p>L&#8217;édition 2024, encore plus passionnante, décerne le <strong>premier prix</strong> au four de Suisse et le <strong>troisième prix</strong> au four de Corgnolaz pour le meilleur pain noir à 30% de seigle et levure comprimée, et la <strong>deuxième place</strong> au four de Corgnolaz pour le meilleur pain créatif.</p>

<p>La route du pain de montagne, des céréales à la table</p>
