{"id":5710,"date":"2019-06-24T09:28:22","date_gmt":"2019-06-24T07:28:22","guid":{"rendered":"http:\/\/lovechamois.hextra.cloud\/attivita\/excursions\/"},"modified":"2022-06-01T17:27:27","modified_gmt":"2022-06-01T15:27:27","slug":"excursions","status":"publish","type":"attivita","link":"https:\/\/lovechamois.it\/fr\/attivita\/excursions\/","title":{"rendered":"Excursions"},"content":{"rendered":"<p>La belle saison est le moment id\u00e9al pour d\u00e9couvrir la montagne, les bois et les sommets tout autour de Chamois. Un vaste r\u00e9seau de sentiers o\u00f9 tout le monde trouvera son bonheur, aussi bien les grands marcheurs que les excursionnistes moins entra\u00een\u00e9s. Les itin\u00e9raires sont innombrables et vari\u00e9s : du lac de Lod vers le col\u00a0de Nana, un des passages les plus panoramiques de la Vall\u00e9e d\u2019Aoste, ou du centre du village au joli hameau de Cheneil, puis en continuant jusqu\u2019\u00e0 Valtournenche, ou encore le tour des lacs de Champlong. Tous les circuits de randonn\u00e9e \u00e0 Chamois sont \u00e0 essayer absolument !<\/p>\n<p><strong>Notes et conventions<\/strong><\/p>\n<p>Les directions indiqu\u00e9es, droite ou gauche, se rapportent au sens de la marche et sont donc diff\u00e9rentes pour les mont\u00e9es et les descentes.<br \/>\nLorsque l&#8217;on pr\u00e9cise la droite ou la gauche orographique, il s&#8217;agit de l&#8217;emplacement par rapport au sens du cours d&#8217;eau, donc \u00e0 l&#8217;oppos\u00e9 de celui des personnes qui montent.<br \/>\nLes temps de parcours sont calcul\u00e9s \u00e0 un rythme moyen et r\u00e9gulier, sans compter les arr\u00eats n\u00e9cessaires.<\/p>\n<p><strong>Panneau de signalisation<\/strong><\/p>\n<p>En Vall\u00e9e d&#8217;Aoste, tous les sentiers p\u00e9destres sont indiqu\u00e9s par des panneaux jaunes.<br \/>\nLa signalisation verticale (panneaux sur poteaux) et horizontale (panneaux jaunes sur les rochers et les arbres) est d\u00e9finie par une commission r\u00e9gionale.<br \/>\nLa num\u00e9rotation, en noir sur fond jaune, est celle indiqu\u00e9e sur les cartes topographiques de la Communaut\u00e9 de montagne du Mont Cervin. Les sentiers locaux sont indiqu\u00e9s par des num\u00e9ros de 1 \u00e0 99, ins\u00e9r\u00e9s dans un cercle.<br \/>\nDes panneaux rectangulaires, num\u00e9rot\u00e9s au-dessus de 100, indiquent les chemins d&#8217;intervalle.<br \/>\nLes autres chemins sont indiqu\u00e9s par un triangle.<br \/>\nLes poteaux ont une hauteur d&#8217;environ 3 m\u00e8tres et supportent des panneaux jaunes qui indiquent la destination, la num\u00e9rotation et le type de chemin, le temps de marche, la direction et la difficult\u00e9.<br \/>\nAttention : contrairement \u00e0 ce qui se passe dans de nombreuses r\u00e9gions alpines, les bandes rouges ou rouge-blanc n&#8217;indiquent pas un chemin : ce sont les panneaux utilis\u00e9s dans notre r\u00e9gion pour d\u00e9limiter les subdivisions foresti\u00e8res. Bien qu&#8217;ils puissent suivre les sentiers, ils n&#8217;indiquent pas les itin\u00e9raires de randonn\u00e9e.<\/p>\n<p><strong>Conseils et \u00e9quipement<\/strong><\/p>\n<p>Les itin\u00e9raires d\u00e9crits suivent des sentiers de randonn\u00e9e qui ne n\u00e9cessitent aucune comp\u00e9tence particuli\u00e8re ni l&#8217;utilisation d&#8217;un \u00e9quipement d&#8217;alpinisme.<br \/>\nToutefois, voici quelques conseils utiles pour limiter les risques et profiter pleinement d&#8217;une journ\u00e9e \u00e0 la montagne. En montagne, le temps peut changer rapidement : emportez toujours des v\u00eatements lourds et un coupe-vent imperm\u00e9able, m\u00eame pendant une journ\u00e9e d&#8217;\u00e9t\u00e9 claire.<br \/>\nUtilisez des chaussures confortables : pour les itin\u00e9raires sur les sentiers muletiers ou les chemins bien trac\u00e9s, une paire de baskets avec une semelle antid\u00e9rapante peut suffire ; si vous sortez des sentiers, des bottes \u00e0 hauteur de cheville sont n\u00e9cessaires.<br \/>\nNe partez pas pour une longue randonn\u00e9e avec des chaussures neuves. N&#8217;oubliez pas un chapeau, des lunettes de soleil et de la cr\u00e8me solaire, m\u00eame si la journ\u00e9e est nuageuse.<br \/>\nEmportez toujours une boisson et renseignez-vous sur la possibilit\u00e9 de trouver de l&#8217;eau le long de l&#8217;itin\u00e9raire.<br \/>\nPr\u00e9f\u00e9rez les aliments rapidement assimilables et non emball\u00e9s. Utilisez un sac \u00e0 dos confortable et \u00e9vitez de le surcharger. Informez-vous sur l&#8217;itin\u00e9raire \u00e0 suivre et, si possible, utilisez une carte topographique. N&#8217;entreprenez pas de parcours trop exigeants pour votre pr\u00e9paration.<br \/>\nInformez toujours quelqu&#8217;un de votre itin\u00e9raire avant de partir et ne changez pas de destination. Suivez les chemins et \u00e9vitez de prendre des raccourcis.<br \/>\nIl peut \u00eatre utile d&#8217;emporter un t\u00e9l\u00e9phone portable (de pr\u00e9f\u00e9rence \u00e9teint&#8230;) mais n&#8217;oubliez pas que de nombreuses zones de montagne ne sont pas &#8220;couvertes&#8221; par un signal t\u00e9l\u00e9phonique.<br \/>\nSi vous n&#8217;\u00eates pas un randonneur expert, il est pr\u00e9f\u00e9rable de ne pas partir seul.<\/p>\n<p><strong>Recommandations<\/strong><\/p>\n<p>Le bon randonneur ne laisse pas de traces de son passage : n&#8217;abandonnez aucun d\u00e9chet. Soyez respectueux de votre environnement : ne quittez pas les sentiers, ne faites pas de bruit, ne d\u00e9rangez pas les animaux, ne cueillez pas de fleurs.<br \/>\nRespectez la propri\u00e9t\u00e9 priv\u00e9e : n&#8217;oubliez pas que m\u00eame les terres situ\u00e9es dans les parcs sont pour la plupart des propri\u00e9t\u00e9s priv\u00e9es, que les p\u00e2turages sont irrigu\u00e9s et fertilis\u00e9s et que les for\u00eats du consortium sont r\u00e9guli\u00e8rement entretenues.<br \/>\nFaites vos besoins loin des chemins et des sources. N&#8217;allumez pas de feu.<\/p>\n<p>Si vous souhaitez \u00eatre accompagn\u00e9 lors de promenades ou de randonn\u00e9es, vous pouvez vous adresser <a href=\"https:\/\/www.agenva.it\/\">\u00e0 un guide<\/a> ou \u00e0 un <a href=\"https:\/\/www.aigae.org\/\">guide naturel<\/a>\u00a0inscrit sur la <a href=\"https:\/\/www.regione.vda.it\/allegato.aspx?pk=72317\" target=\"_blank\" rel=\"noopener noreferrer\">liste r\u00e9gionale<\/a>\u00a0de la Vall\u00e9e d&#8217;Aoste. Si vous pr\u00e9f\u00e9rez profiter seul de la beaut\u00e9 des montagnes en hiver, n&#8217;oubliez pas de consulter le bulletin et le registre des avalanches de la R\u00e9gion Autonome de la Vall\u00e9e d&#8217;Aoste. (<a href=\"http:\/\/geonavsct.partout.it\/pub\/geovalanghe\/\">http:\/\/geonavsct.partout.it\/pub\/geovalanghe\/<\/a>).<\/p>\n<p><span style=\"color: #993300;\">RANDONN\u00c9E \u00c0 CAMOIS :<\/span><\/p>\n<ul>\n<li><a title=\"vai a http:\/\/www.comune.chamois.ao.it\/comschedatem.asp?id=26840\" href=\"http:\/\/lovechamois.it\/notizia\/servaz-lavore-corgnolaz\/\">Valtourneche\u00a0 (Cretaz)\u00a0 Chamois (Corgnolaz) sentiero 34<\/a><\/li>\n<li><a title=\"vai a http:\/\/www.comune.chamois.ao.it\/comschedatem.asp?id=26841\" href=\"http:\/\/lovechamois.it\/notizia\/itinerario-lod-cheneil\/\">Lod &#8211; Cheneil<\/a><\/li>\n<li><a title=\"vai a http:\/\/www.comune.chamois.ao.it\/comschedatem.asp?id=26842\" href=\"http:\/\/lovechamois.it\/notizia\/itinerario-cheneil-santuario-clavalite\/\">Col Cheneil &#8211; Santuario Clavalit\u00e8<\/a><\/li>\n<li><a title=\"vai a http:\/\/www.comune.chamois.ao.it\/comschedatem.asp?id=26843\" href=\"http:\/\/lovechamois.it\/notizia\/itinerario-lod-clavalite\/\">Lod &#8211; La Clavalit\u00e9<\/a><\/li>\n<li><a title=\"vai a http:\/\/www.comune.chamois.ao.it\/comschedatem.asp?id=26855\" href=\"http:\/\/lovechamois.it\/notizia\/itinerario-buisson-corgnolaz\/\">Buisson &#8211; Corgnolaz<\/a><\/li>\n<li><a title=\"vai a http:\/\/www.comune.chamois.ao.it\/comschedatem.asp?id=26856\" href=\"http:\/\/lovechamois.it\/notizia\/itinerario-clavalite-col-de-nana-corgnolaz\/\">Santuario Clavalit\u00e8 &#8211; Col de Nana &#8211; Corgnolaz<\/a><\/li>\n<li><a title=\"vai a http:\/\/www.comune.chamois.ao.it\/comschedatem.asp?id=26857\" href=\"http:\/\/lovechamois.it\/notizia\/itinerario-corgnolaz-col-pillonet\/\">Corgnolaz &#8211; Col Pillonet<\/a><\/li>\n<li><a title=\"vai a http:\/\/www.comune.chamois.ao.it\/comschedatem.asp?id=26858\" href=\"http:\/\/lovechamois.it\/notizia\/itinerario-col-de-nana-becca-trecare-bec-de-nana\/\">Col de Nana &#8211; Becca Trecar\u00e9 &#8211; Bec de Nana<\/a><\/li>\n<li><a href=\"http:\/\/lovechamois.it\/notizia\/la-magdeleine-chamois\/\">La Magdeleine &#8211; Chamois<\/a><\/li>\n<\/ul>\n<p>&nbsp;<\/p>\n<p><span style=\"color: #ff6600;\"><strong>RANDONN\u00c9ES ORGANIS\u00c9ES A&#8217; CHAMOIS &#8211; AVEC LE GUIDE NATURE ANTOINE &#8211;<\/strong><\/span><\/p>\n<p>Le plaisir de d\u00e9couvrir les secrets de la r\u00e9gion en compagnie de l&#8217;un de ses habitants. Les randonn\u00e9es offrent des vues magnifiques sur le Cervin, le Rose et les principaux massifs de la Vall\u00e9e d&#8217;Aoste :<br \/>\n&#8211; Anneau des lacs de Champlong (avec une extension au Col Pillonet si le groupe est en bonne forme physique). Diff\u00e9rence de hauteur positive 500mt. Temps de marche 4\/6 heures (pauses incluses).<br \/>\n&#8211; Anneau du Point Sublime (avec extension au Col di Nana et au point Trecare pour les groupes en bonne forme physique). Diff\u00e9rence de hauteur positive 700mt. Temps de marche 5\/7 heures (pauses incluses).<br \/>\nAfin de permettre \u00e0 tous de profiter de notre Grande Beaut\u00e9, pendant la p\u00e9riode d&#8217;ouverture des t\u00e9l\u00e9si\u00e8ges jusqu&#8217;au Point Sublime, il est possible de profiter des environnements de haute altitude en r\u00e9duisant le d\u00e9nivel\u00e9.<br \/>\nVoici les propositions :<br \/>\nCol di Nana de Point Sublime. D\u00e9nivel\u00e9 positif de 300 m\u00e8tres. Dur\u00e9e 3\/5 heures (pauses comprises).<br \/>\nVallone di Cheneil de Point Sublime. D\u00e9nivel\u00e9 positif de 400 m\u00e8tres. Dur\u00e9e 4\/5 heures (pauses comprises).<br \/>\nDes propositions personnalis\u00e9es sont possibles pour chaque besoin et pour les circuits de plusieurs jours.<\/p>\n<p>Pour plus d&#8217;informations, appelez le num\u00e9ro +39 348 2524924 ou envoyez un courriel \u00e0 l&#8217;adresse :<br \/>\n<a href=\"mailto:antoinechamois@gmail.com\"><span style=\"font-weight: 400;\">antoinechamois@gmail.com<\/span><\/a><br \/>\n<a href=\"https:\/\/www.facebook.com\/chamoistrek\">PLUS D&#8217;INFORMATIONS<\/a><\/p>\n<p><span style=\"color: #ff6600;\"><strong>EXCURSIONS ORGANIS\u00c9ES \u00c0 CHAMOIS &#8211; TREKKING HABITAT &#8211;<br \/>\n<\/strong><\/span><\/p>\n<p>Les excursions \u00e0 Chamois sont pr\u00e9vues pour la saison d&#8217;\u00e9t\u00e9. Les excursions n\u00e9cessitent une r\u00e9servation obligatoire.<\/p>\n<p>Pour plus d&#8217;informations, appelez le num\u00e9ro +39 335 8118731 &#8211; 0165 363851 ou envoyez un courriel \u00e0 :<a href=\"mailto:info@trekking-habitat.com\">info@trekking-habitat.com<\/a><br \/>\n<a href=\"https:\/\/www.trekking-habitat.com\/index.cfm?m_sez_id=12&amp;ec_flag=0&amp;m_z\" target=\"_blank\" rel=\"noopener noreferrer\">PLUS D&#8217;INFORMATIONS<\/a><\/p>\n<p><span style=\"color: #ff6600;\"><strong>LE PETIT TOUR DE DE CHAMOIS<\/p>\n<p><\/strong><\/span><\/p>\n<p>Depuis la station d&#8217;arriv\u00e9e du t\u00e9l\u00e9ph\u00e9rique Buisson-Chamois, nous traverserons le centre de Chamois, la commune la plus haute de la Vall\u00e9e d&#8217;Aoste, et monterons \u00e0 travers les alpages jusqu&#8217;au lac de Lod. Nous nous arr\u00eaterons pour un pique-nique sur l&#8217;aire de pique-nique et descendrons \u00e0 travers la for\u00eat de conif\u00e8res jusqu&#8217;au refuge de l&#8217;Ermitage. Nous retournerons \u00e0 la ville principale depuis la route et, en passant par le vieux moulin, nous visiterons le haut port de Chamois, inaugur\u00e9 en 1967, le premier en Italie. Nous descendrons jusqu&#8217;au hameau de Ville et reviendrons \u00e0 la station d&#8217;arriv\u00e9e du t\u00e9l\u00e9ph\u00e9rique o\u00f9 se termine la randonn\u00e9e.<br \/>\nCette randonn\u00e9e est longue d&#8217;environ 5 kilom\u00e8tres, avec 270 m\u00e8tres de mont\u00e9e et autant de descente, \u00e0 parcourir en environ 3 heures de marche lente et tranquille. Temps de marche r\u00e9el (th\u00e9orique) 1h40<br \/>\nDifficult\u00e9 : excursionniste. Il y a quelques tron\u00e7ons l\u00e9g\u00e8rement expos\u00e9s et de courtes sections de chemins escarp\u00e9s. Le risque de chute de pierres est faible.<\/p>\n<p>Pour plus d&#8217;informations, appelez le +39 370 1003518 ou envoyez un courriel \u00e0 :<br \/>\n<a href=\"mailto:info@navillod.it\">info@navillod.it<\/a><br \/>\n<a href=\"http:\/\/andre.navillod.it\/piccolo-tour-chamois\/\" target=\"_blank\" rel=\"noopener noreferrer\">PLUS D&#8217;INFORMATIONS<\/a><\/p>\n<p><span style=\"color: #ff6600;\"><strong>\u00a0<\/strong><\/span><\/p>\n","protected":false},"excerpt":{"rendered":"<p>La belle saison est le moment id\u00e9al pour d\u00e9couvrir la montagne &#8230;<\/p>\n","protected":false},"template":"","class_list":["post-5710","attivita","type-attivita","status-publish","hentry"],"_links":{"self":[{"href":"https:\/\/lovechamois.it\/fr\/wp-json\/wp\/v2\/attivita\/5710"}],"collection":[{"href":"https:\/\/lovechamois.it\/fr\/wp-json\/wp\/v2\/attivita"}],"about":[{"href":"https:\/\/lovechamois.it\/fr\/wp-json\/wp\/v2\/types\/attivita"}],"wp:attachment":[{"href":"https:\/\/lovechamois.it\/fr\/wp-json\/wp\/v2\/media?parent=5710"}],"curies":[{"name":"wp","href":"https:\/\/api.w.org\/{rel}","templated":true}]}}

<p>La belle saison est le moment idéal pour découvrir la montagne, les bois et les sommets tout autour de Chamois. Un vaste réseau de sentiers où tout le monde trouvera son bonheur, aussi bien les grands marcheurs que les excursionnistes moins entraînés. Les itinéraires sont innombrables et variés : du lac de Lod vers le col de Nana, un des passages les plus panoramiques de la Vallée d’Aoste, ou du centre du village au joli hameau de Cheneil, puis en continuant jusqu’à Valtournenche, ou encore le tour des lacs de Champlong. Tous les circuits de randonnée à Chamois sont à essayer absolument !</p>
<p><strong>Notes et conventions</strong></p>
<p>Les directions indiquées, droite ou gauche, se rapportent au sens de la marche et sont donc différentes pour les montées et les descentes.<br />
Lorsque l&#8217;on précise la droite ou la gauche orographique, il s&#8217;agit de l&#8217;emplacement par rapport au sens du cours d&#8217;eau, donc à l&#8217;opposé de celui des personnes qui montent.<br />
Les temps de parcours sont calculés à un rythme moyen et régulier, sans compter les arrêts nécessaires.</p>
<p><strong>Panneau de signalisation</strong></p>
<p>En Vallée d&#8217;Aoste, tous les sentiers pédestres sont indiqués par des panneaux jaunes.<br />
La signalisation verticale (panneaux sur poteaux) et horizontale (panneaux jaunes sur les rochers et les arbres) est définie par une commission régionale.<br />
La numérotation, en noir sur fond jaune, est celle indiquée sur les cartes topographiques de la Communauté de montagne du Mont Cervin. Les sentiers locaux sont indiqués par des numéros de 1 à 99, insérés dans un cercle.<br />
Des panneaux rectangulaires, numérotés au-dessus de 100, indiquent les chemins d&#8217;intervalle.<br />
Les autres chemins sont indiqués par un triangle.<br />
Les poteaux ont une hauteur d&#8217;environ 3 mètres et supportent des panneaux jaunes qui indiquent la destination, la numérotation et le type de chemin, le temps de marche, la direction et la difficulté.<br />
Attention : contrairement à ce qui se passe dans de nombreuses régions alpines, les bandes rouges ou rouge-blanc n&#8217;indiquent pas un chemin : ce sont les panneaux utilisés dans notre région pour délimiter les subdivisions forestières. Bien qu&#8217;ils puissent suivre les sentiers, ils n&#8217;indiquent pas les itinéraires de randonnée.</p>
<p><strong>Conseils et équipement</strong></p>
<p>Les itinéraires décrits suivent des sentiers de randonnée qui ne nécessitent aucune compétence particulière ni l&#8217;utilisation d&#8217;un équipement d&#8217;alpinisme.<br />
Toutefois, voici quelques conseils utiles pour limiter les risques et profiter pleinement d&#8217;une journée à la montagne. En montagne, le temps peut changer rapidement : emportez toujours des vêtements lourds et un coupe-vent imperméable, même pendant une journée d&#8217;été claire.<br />
Utilisez des chaussures confortables : pour les itinéraires sur les sentiers muletiers ou les chemins bien tracés, une paire de baskets avec une semelle antidérapante peut suffire ; si vous sortez des sentiers, des bottes à hauteur de cheville sont nécessaires.<br />
Ne partez pas pour une longue randonnée avec des chaussures neuves. N&#8217;oubliez pas un chapeau, des lunettes de soleil et de la crème solaire, même si la journée est nuageuse.<br />
Emportez toujours une boisson et renseignez-vous sur la possibilité de trouver de l&#8217;eau le long de l&#8217;itinéraire.<br />
Préférez les aliments rapidement assimilables et non emballés. Utilisez un sac à dos confortable et évitez de le surcharger. Informez-vous sur l&#8217;itinéraire à suivre et, si possible, utilisez une carte topographique. N&#8217;entreprenez pas de parcours trop exigeants pour votre préparation.<br />
Informez toujours quelqu&#8217;un de votre itinéraire avant de partir et ne changez pas de destination. Suivez les chemins et évitez de prendre des raccourcis.<br />
Il peut être utile d&#8217;emporter un téléphone portable (de préférence éteint&#8230;) mais n&#8217;oubliez pas que de nombreuses zones de montagne ne sont pas &#8220;couvertes&#8221; par un signal téléphonique.<br />
Si vous n&#8217;êtes pas un randonneur expert, il est préférable de ne pas partir seul.</p>
<p><strong>Recommandations</strong></p>
<p>Le bon randonneur ne laisse pas de traces de son passage : n&#8217;abandonnez aucun déchet. Soyez respectueux de votre environnement : ne quittez pas les sentiers, ne faites pas de bruit, ne dérangez pas les animaux, ne cueillez pas de fleurs.<br />
Respectez la propriété privée : n&#8217;oubliez pas que même les terres situées dans les parcs sont pour la plupart des propriétés privées, que les pâturages sont irrigués et fertilisés et que les forêts du consortium sont régulièrement entretenues.<br />
Faites vos besoins loin des chemins et des sources. N&#8217;allumez pas de feu.</p>
<p>Si vous souhaitez être accompagné lors de promenades ou de randonnées, vous pouvez vous adresser <a href="https://www.agenva.it/">à un guide</a> ou à un <a href="https://www.aigae.org/">guide naturel</a> inscrit sur la <a href="https://www.regione.vda.it/allegato.aspx?pk=72317" target="_blank" rel="noopener noreferrer">liste régionale</a> de la Vallée d&#8217;Aoste. Si vous préférez profiter seul de la beauté des montagnes en hiver, n&#8217;oubliez pas de consulter le bulletin et le registre des avalanches de la Région Autonome de la Vallée d&#8217;Aoste. (<a href="http://geonavsct.partout.it/pub/geovalanghe/">http://geonavsct.partout.it/pub/geovalanghe/</a>).</p>
<p><span style="color: #993300;">RANDONNÉE À CAMOIS :</span></p>
<ul>
<li><a title="vai a http://www.comune.chamois.ao.it/comschedatem.asp?id=26840" href="http://lovechamois.it/notizia/servaz-lavore-corgnolaz/">Valtourneche  (Cretaz)  Chamois (Corgnolaz) sentiero 34</a></li>
<li><a title="vai a http://www.comune.chamois.ao.it/comschedatem.asp?id=26841" href="http://lovechamois.it/notizia/itinerario-lod-cheneil/">Lod &#8211; Cheneil</a></li>
<li><a title="vai a http://www.comune.chamois.ao.it/comschedatem.asp?id=26842" href="http://lovechamois.it/notizia/itinerario-cheneil-santuario-clavalite/">Col Cheneil &#8211; Santuario Clavalitè</a></li>
<li><a title="vai a http://www.comune.chamois.ao.it/comschedatem.asp?id=26843" href="http://lovechamois.it/notizia/itinerario-lod-clavalite/">Lod &#8211; La Clavalité</a></li>
<li><a title="vai a http://www.comune.chamois.ao.it/comschedatem.asp?id=26855" href="http://lovechamois.it/notizia/itinerario-buisson-corgnolaz/">Buisson &#8211; Corgnolaz</a></li>
<li><a title="vai a http://www.comune.chamois.ao.it/comschedatem.asp?id=26856" href="http://lovechamois.it/notizia/itinerario-clavalite-col-de-nana-corgnolaz/">Santuario Clavalitè &#8211; Col de Nana &#8211; Corgnolaz</a></li>
<li><a title="vai a http://www.comune.chamois.ao.it/comschedatem.asp?id=26857" href="http://lovechamois.it/notizia/itinerario-corgnolaz-col-pillonet/">Corgnolaz &#8211; Col Pillonet</a></li>
<li><a title="vai a http://www.comune.chamois.ao.it/comschedatem.asp?id=26858" href="http://lovechamois.it/notizia/itinerario-col-de-nana-becca-trecare-bec-de-nana/">Col de Nana &#8211; Becca Trecaré &#8211; Bec de Nana</a></li>
<li><a href="http://lovechamois.it/notizia/la-magdeleine-chamois/">La Magdeleine &#8211; Chamois</a></li>
</ul>
<p>&nbsp;</p>
<p><span style="color: #ff6600;"><strong>RANDONNÉES ORGANISÉES A&#8217; CHAMOIS &#8211; AVEC LE GUIDE NATURE ANTOINE &#8211;</strong></span></p>
<p>Le plaisir de découvrir les secrets de la région en compagnie de l&#8217;un de ses habitants. Les randonnées offrent des vues magnifiques sur le Cervin, le Rose et les principaux massifs de la Vallée d&#8217;Aoste :<br />
&#8211; Anneau des lacs de Champlong (avec une extension au Col Pillonet si le groupe est en bonne forme physique). Différence de hauteur positive 500mt. Temps de marche 4/6 heures (pauses incluses).<br />
&#8211; Anneau du Point Sublime (avec extension au Col di Nana et au point Trecare pour les groupes en bonne forme physique). Différence de hauteur positive 700mt. Temps de marche 5/7 heures (pauses incluses).<br />
Afin de permettre à tous de profiter de notre Grande Beauté, pendant la période d&#8217;ouverture des télésièges jusqu&#8217;au Point Sublime, il est possible de profiter des environnements de haute altitude en réduisant le dénivelé.<br />
Voici les propositions :<br />
Col di Nana de Point Sublime. Dénivelé positif de 300 mètres. Durée 3/5 heures (pauses comprises).<br />
Vallone di Cheneil de Point Sublime. Dénivelé positif de 400 mètres. Durée 4/5 heures (pauses comprises).<br />
Des propositions personnalisées sont possibles pour chaque besoin et pour les circuits de plusieurs jours.</p>
<p>Pour plus d&#8217;informations, appelez le numéro +39 348 2524924 ou envoyez un courriel à l&#8217;adresse :<br />
<a href="mailto:antoinechamois@gmail.com"><span style="font-weight: 400;">antoinechamois@gmail.com</span></a><br />
<a href="https://www.facebook.com/chamoistrek">PLUS D&#8217;INFORMATIONS</a></p>
<p><span style="color: #ff6600;"><strong>EXCURSIONS ORGANISÉES À CHAMOIS &#8211; TREKKING HABITAT &#8211;<br />
</strong></span></p>
<p>Les excursions à Chamois sont prévues pour la saison d&#8217;été. Les excursions nécessitent une réservation obligatoire.</p>
<p>Pour plus d&#8217;informations, appelez le numéro +39 335 8118731 &#8211; 0165 363851 ou envoyez un courriel à :<a href="mailto:info@trekking-habitat.com">info@trekking-habitat.com</a><br />
<a href="https://www.trekking-habitat.com/index.cfm?m_sez_id=12&amp;ec_flag=0&amp;m_z" target="_blank" rel="noopener noreferrer">PLUS D&#8217;INFORMATIONS</a></p>
<p><span style="color: #ff6600;"><strong>LE PETIT TOUR DE DE CHAMOIS</p>
<p></strong></span></p>
<p>Depuis la station d&#8217;arrivée du téléphérique Buisson-Chamois, nous traverserons le centre de Chamois, la commune la plus haute de la Vallée d&#8217;Aoste, et monterons à travers les alpages jusqu&#8217;au lac de Lod. Nous nous arrêterons pour un pique-nique sur l&#8217;aire de pique-nique et descendrons à travers la forêt de conifères jusqu&#8217;au refuge de l&#8217;Ermitage. Nous retournerons à la ville principale depuis la route et, en passant par le vieux moulin, nous visiterons le haut port de Chamois, inauguré en 1967, le premier en Italie. Nous descendrons jusqu&#8217;au hameau de Ville et reviendrons à la station d&#8217;arrivée du téléphérique où se termine la randonnée.<br />
Cette randonnée est longue d&#8217;environ 5 kilomètres, avec 270 mètres de montée et autant de descente, à parcourir en environ 3 heures de marche lente et tranquille. Temps de marche réel (théorique) 1h40<br />
Difficulté : excursionniste. Il y a quelques tronçons légèrement exposés et de courtes sections de chemins escarpés. Le risque de chute de pierres est faible.</p>
<p>Pour plus d&#8217;informations, appelez le +39 370 1003518 ou envoyez un courriel à :<br />
<a href="mailto:info@navillod.it">info@navillod.it</a><br />
<a href="http://andre.navillod.it/piccolo-tour-chamois/" target="_blank" rel="noopener noreferrer">PLUS D&#8217;INFORMATIONS</a></p>
<p><span style="color: #ff6600;"><strong> </strong></span></p>

<p>La belle saison est le moment idéal pour découvrir la montagne &#8230;</p>
